{"id":558,"date":"2018-04-06T21:11:28","date_gmt":"2018-04-06T19:11:28","guid":{"rendered":"http:\/\/gourmet-rallye.at\/?page_id=558"},"modified":"2024-05-15T21:02:11","modified_gmt":"2024-05-15T19:02:11","slug":"impressum","status":"publish","type":"page","link":"https:\/\/gourmet-rallye.at\/index.php\/impressum\/","title":{"rendered":"Impressum"},"content":{"rendered":"<p>Informationspflicht laut \u00a75 E-Commerce Gesetz, \u00a714 Unternehmensgesetzbuch, \u00a763 Gewerbeordnung und Offenlegungspflicht laut \u00a725 Mediengesetz<\/p>\n<p><strong>G&amp;H Sport Classic<\/strong><br \/>\nZVR-Zahl: 641412802<\/p>\n<p><strong>Organschaftliche Vertreter<\/strong><br \/>\nObmann: Bernhard Holzer<br \/>\nObmann Stellvertreter: Walter Pfaffenhuemer jun.<\/p>\n<p>Diepersdorf 29<br \/>\n4552 Wartberg an der Krems<br \/>\nTel.: +43 650 2002047<br \/>\nE-Mail: office[at]gourmet-rallye.at<\/p>\n<p><strong>Vereinszweck<\/strong><\/p>\n<p>Der Verein, dessen Zweck nicht auf Gewinn gerichtet ist, bezweckt die F\u00f6rderung von Restauration und Erhaltung von historischen Fahrzeugen. Veranstaltungen von Ausfahrten, Wettbewerbsfahrten von seltenen Fahrzeugen.<\/p>\n<p><strong>Datenschutzerkl\u00e4rung<\/strong><\/p>\n<p>Wir legen gro\u00dfen Wert auf den Schutz Ihrer Daten. Um Sie in vollem Umfang \u00fcber die Verwendung personenbezogener Daten zu informieren, bitten wir Sie die folgenden Datenschutzhinweise zur Kenntnis zu nehmen.<\/p>\n<p><strong>Pers\u00f6nliche Daten<\/strong><\/p>\n<p>Pers\u00f6nliche Daten, die Sie auf dieser Website elektronisch \u00fcbermitteln, wie zum Beispiel Name, E-Mail-Adresse, Adresse oder andere pers\u00f6nlichen Angaben, werden von uns nur zum jeweils angegebenen Zweck verwendet, sicher verwahrt und nicht an Dritte weitergegeben. Der Provider erhebt und speichert automatisch Informationen am Webserver wie verwendeter Browser, Betriebssystem, Verweisseite, IP-Adresse, Uhrzeit des Zugriffs usw. Diese Daten k\u00f6nnen ohne Pr\u00fcfung weiterer Datenquellen keinen bestimmten Personen zugeordnet werden und wir werten diese Daten auch nicht weiter aus solange keine rechtswidrige Nutzung unserer Webseite vorliegt.<\/p>\n<p><strong>Formulardaten und Kommentare<\/strong><\/p>\n<p>Wenn Webseitenbesucher Kommentare oder Formulareintr\u00e4ge hinterlassen, werden die eingegebenen Daten und ihre IP-Adressen gespeichert. Das erfolgt zur Sicherheit, falls jemand widerrechtliche Inhalte verfasst (Beleidigungen, links- oder rechtsextreme Propaganda, Hasspostings usw.). In diesem Fall sind wir an der Identit\u00e4t des Verfassers interessiert.<\/p>\n<p><strong>Auskunftsrecht<\/strong><\/p>\n<p>Sie haben jederzeit das Recht auf Auskunft \u00fcber die bez\u00fcglich Ihrer Person gespeicherten Daten, deren Herkunft und Empf\u00e4nger sowie den Zweck der Speicherung<\/p>\n<p><strong>Bildernachweis<\/strong><\/p>\n<p>Copyright by Daniel Fessl, Dominik Fessl, G\u00fcnter Niedermann, Michael Simlinger, Mike Pfaffenhuemer, Walter Pfaffenhuemer jun.<\/p>\n","protected":false},"excerpt":{"rendered":"<p>Informationspflicht laut \u00a75 E-Commerce Gesetz, \u00a714 Unternehmensgesetzbuch, \u00a763 Gewerbeordnung und Offenlegungspflicht laut \u00a725 Mediengesetz G&amp;H Sport Classic ZVR-Zahl: 641412802 Organschaftliche Vertreter Obmann: Bernhard Holzer Obmann Stellvertreter: Walter Pfaffenhuemer jun. Diepersdorf 29 4552 Wartberg an der Krems Tel.: +43 650 2002047 E-Mail: office[at]gourmet-rallye.at Vereinszweck Der Verein, dessen Zweck nicht auf Gewinn gerichtet ist, bezweckt die F\u00f6rderung &hellip; <a href=\"https:\/\/gourmet-rallye.at\/index.php\/impressum\/\" class=\"more-link\"><span class=\"screen-reader-text\">Impressum<\/span> weiterlesen <span class=\"meta-nav\">&rarr;<\/span><\/a><\/p>\n","protected":false},"author":3,"featured_media":0,"parent":0,"menu_order":0,"comment_status":"closed","ping_status":"closed","template":"","meta":[],"_links":{"self":[{"href":"https:\/\/gourmet-rallye.at\/index.php\/wp-json\/wp\/v2\/pages\/558"}],"collection":[{"href":"https:\/\/gourmet-rallye.at\/index.php\/wp-json\/wp\/v2\/pages"}],"about":[{"href":"https:\/\/gourmet-rallye.at\/index.php\/wp-json\/wp\/v2\/types\/page"}],"author":[{"embeddable":true,"href":"https:\/\/gourmet-rallye.at\/index.php\/wp-json\/wp\/v2\/users\/3"}],"replies":[{"embeddable":true,"href":"https:\/\/gourmet-rallye.at\/index.php\/wp-json\/wp\/v2\/comments?post=558"}],"version-history":[{"count":4,"href":"https:\/\/gourmet-rallye.at\/index.php\/wp-json\/wp\/v2\/pages\/558\/revisions"}],"predecessor-version":[{"id":1032,"href":"https:\/\/gourmet-rallye.at\/index.php\/wp-json\/wp\/v2\/pages\/558\/revisions\/1032"}],"wp:attachment":[{"href":"https:\/\/gourmet-rallye.at\/index.php\/wp-json\/wp\/v2\/media?parent=558"}],"curies":[{"name":"wp","href":"https:\/\/api.w.org\/{rel}","templated":true}]}}