{"id":254,"date":"2016-07-01T20:00:05","date_gmt":"2016-07-01T18:00:05","guid":{"rendered":"http:\/\/gourmet-rallye.at\/?page_id=254"},"modified":"2017-11-26T15:34:15","modified_gmt":"2017-11-26T14:34:15","slug":"fotos-2016","status":"publish","type":"page","link":"https:\/\/gourmet-rallye.at\/index.php\/fotos-2016\/","title":{"rendered":"Fotos 2016"},"content":{"rendered":"<p>Eine Auswahl der besten Schnappsch\u00fcsse finden Sie oben\u00a0im Men\u00fc &#8222;Fotos 2016&#8220;<\/p>\n<p>Copyright by Daniel und Dominik Fessl<\/p>\n<p><a href=\"http:\/\/gourmet-rallye.at\/wp-content\/uploads\/2016\/07\/FES_0031.jpg\" rel=\"attachment wp-att-277\"><img decoding=\"async\" loading=\"lazy\" class=\"alignnone size-medium wp-image-277\" src=\"http:\/\/gourmet-rallye.at\/wp-content\/uploads\/2016\/07\/FES_0031-300x200.jpg\" alt=\"FES_0031\" width=\"300\" height=\"200\" srcset=\"https:\/\/gourmet-rallye.at\/wp-content\/uploads\/2016\/07\/FES_0031-300x200.jpg 300w, https:\/\/gourmet-rallye.at\/wp-content\/uploads\/2016\/07\/FES_0031-768x512.jpg 768w, https:\/\/gourmet-rallye.at\/wp-content\/uploads\/2016\/07\/FES_0031-1024x683.jpg 1024w, https:\/\/gourmet-rallye.at\/wp-content\/uploads\/2016\/07\/FES_0031-24x16.jpg 24w, https:\/\/gourmet-rallye.at\/wp-content\/uploads\/2016\/07\/FES_0031-36x24.jpg 36w, https:\/\/gourmet-rallye.at\/wp-content\/uploads\/2016\/07\/FES_0031-48x32.jpg 48w\" sizes=\"(max-width: 300px) 100vw, 300px\" \/><\/a><\/p>\n<p><a href=\"http:\/\/gourmet-rallye.at\/index.php\/start-kirchdorf-2\/\" target=\"_blank\">Start &#8211; Kirchdorf<\/a><\/p>\n<p><a href=\"http:\/\/gourmet-rallye.at\/index.php\/gourmet-pruefung-traunkirchen\/\" target=\"_blank\">Gourmet Pr\u00fcfung &#8211; Traunkirchen<\/a><\/p>\n<p><a href=\"http:\/\/gourmet-rallye.at\/index.php\/verbindungsetappe-traunkirchen\/\" target=\"_blank\">Verbindungsetappe &#8211; Traunkirchen<\/a><\/p>\n<p><a href=\"http:\/\/gourmet-rallye.at\/index.php\/wp-loser-bergauf\/\" target=\"_blank\">WP Loser &#8211; Bergauf<\/a><\/p>\n<p><a href=\"http:\/\/gourmet-rallye.at\/index.php\/wp-loser-bergab\/\" target=\"_blank\">WP Loser &#8211; Bergab<\/a><\/p>\n<p><a href=\"http:\/\/gourmet-rallye.at\/index.php\/gourmet-pruefung-hoeflehner\/\" target=\"_blank\">Gourmet Pr\u00fcfung &#8211; H\u00f6flehner<\/a><\/p>\n<p><a href=\"http:\/\/gourmet-rallye.at\/index.php\/wp-postalm-bergab\/\" target=\"_blank\">WP Postalm &#8211; Bergab<\/a><\/p>\n<p><a href=\"http:\/\/gourmet-rallye.at\/index.php\/gourmet-pruefung-st-wolfgang\/\" target=\"_blank\">Gourmet Pr\u00fcfung &#8211; St. Wolfgang<\/a><\/p>\n<p><a href=\"http:\/\/gourmet-rallye.at\/index.php\/mittag-druckerhof-bergauf\/\" target=\"_blank\">Druckerhof &#8211; Bergauf<\/a><\/p>\n<p><a href=\"http:\/\/gourmet-rallye.at\/index.php\/druckerhof-mittag\/\" target=\"_blank\">Druckerhof &#8211; Mittag<\/a><\/p>\n<p><a href=\"http:\/\/gourmet-rallye.at\/index.php\/druckerhof-bergab\/\" target=\"_blank\">Druckerhof &#8211; Bergab<\/a><\/p>\n<p><a href=\"http:\/\/gourmet-rallye.at\/index.php\/traktorpruefung-feichthub\/\" target=\"_blank\">Traktorpr\u00fcfung &#8211; Feichthub<\/a><\/p>\n<p><a href=\"http:\/\/gourmet-rallye.at\/index.php\/ziel-schaumburg-lippe-ziel\/\" target=\"_blank\">Ziel Schaumburg-Lippe &amp; Mure<\/a><\/p>\n","protected":false},"excerpt":{"rendered":"<p>Eine Auswahl der besten Schnappsch\u00fcsse finden Sie oben\u00a0im Men\u00fc &#8222;Fotos 2016&#8220; Copyright by Daniel und Dominik Fessl Start &#8211; Kirchdorf Gourmet Pr\u00fcfung &#8211; Traunkirchen Verbindungsetappe &#8211; Traunkirchen WP Loser &#8211; Bergauf WP Loser &#8211; Bergab Gourmet Pr\u00fcfung &#8211; H\u00f6flehner WP Postalm &#8211; Bergab Gourmet Pr\u00fcfung &#8211; St. Wolfgang Druckerhof &#8211; Bergauf Druckerhof &#8211; Mittag Druckerhof &hellip; <a href=\"https:\/\/gourmet-rallye.at\/index.php\/fotos-2016\/\" class=\"more-link\"><span class=\"screen-reader-text\">Fotos 2016<\/span> weiterlesen <span class=\"meta-nav\">&rarr;<\/span><\/a><\/p>\n","protected":false},"author":3,"featured_media":0,"parent":0,"menu_order":0,"comment_status":"closed","ping_status":"closed","template":"","meta":[],"_links":{"self":[{"href":"https:\/\/gourmet-rallye.at\/index.php\/wp-json\/wp\/v2\/pages\/254"}],"collection":[{"href":"https:\/\/gourmet-rallye.at\/index.php\/wp-json\/wp\/v2\/pages"}],"about":[{"href":"https:\/\/gourmet-rallye.at\/index.php\/wp-json\/wp\/v2\/types\/page"}],"author":[{"embeddable":true,"href":"https:\/\/gourmet-rallye.at\/index.php\/wp-json\/wp\/v2\/users\/3"}],"replies":[{"embeddable":true,"href":"https:\/\/gourmet-rallye.at\/index.php\/wp-json\/wp\/v2\/comments?post=254"}],"version-history":[{"count":6,"href":"https:\/\/gourmet-rallye.at\/index.php\/wp-json\/wp\/v2\/pages\/254\/revisions"}],"predecessor-version":[{"id":529,"href":"https:\/\/gourmet-rallye.at\/index.php\/wp-json\/wp\/v2\/pages\/254\/revisions\/529"}],"wp:attachment":[{"href":"https:\/\/gourmet-rallye.at\/index.php\/wp-json\/wp\/v2\/media?parent=254"}],"curies":[{"name":"wp","href":"https:\/\/api.w.org\/{rel}","templated":true}]}}

<p>Eine Auswahl der besten Schnappschüsse finden Sie oben im Menü &#8222;Fotos 2016&#8220;</p>
<p>Copyright by Daniel und Dominik Fessl</p>
<p><a href="http://gourmet-rallye.at/wp-content/uploads/2016/07/FES_0031.jpg" rel="attachment wp-att-277"><img decoding="async" loading="lazy" class="alignnone size-medium wp-image-277" src="http://gourmet-rallye.at/wp-content/uploads/2016/07/FES_0031-300x200.jpg" alt="FES_0031" width="300" height="200" srcset="https://gourmet-rallye.at/wp-content/uploads/2016/07/FES_0031-300x200.jpg 300w, https://gourmet-rallye.at/wp-content/uploads/2016/07/FES_0031-768x512.jpg 768w, https://gourmet-rallye.at/wp-content/uploads/2016/07/FES_0031-1024x683.jpg 1024w, https://gourmet-rallye.at/wp-content/uploads/2016/07/FES_0031-24x16.jpg 24w, https://gourmet-rallye.at/wp-content/uploads/2016/07/FES_0031-36x24.jpg 36w, https://gourmet-rallye.at/wp-content/uploads/2016/07/FES_0031-48x32.jpg 48w" sizes="(max-width: 300px) 100vw, 300px" /></a></p>
<p><a href="http://gourmet-rallye.at/index.php/start-kirchdorf-2/" target="_blank">Start &#8211; Kirchdorf</a></p>
<p><a href="http://gourmet-rallye.at/index.php/gourmet-pruefung-traunkirchen/" target="_blank">Gourmet Prüfung &#8211; Traunkirchen</a></p>
<p><a href="http://gourmet-rallye.at/index.php/verbindungsetappe-traunkirchen/" target="_blank">Verbindungsetappe &#8211; Traunkirchen</a></p>
<p><a href="http://gourmet-rallye.at/index.php/wp-loser-bergauf/" target="_blank">WP Loser &#8211; Bergauf</a></p>
<p><a href="http://gourmet-rallye.at/index.php/wp-loser-bergab/" target="_blank">WP Loser &#8211; Bergab</a></p>
<p><a href="http://gourmet-rallye.at/index.php/gourmet-pruefung-hoeflehner/" target="_blank">Gourmet Prüfung &#8211; Höflehner</a></p>
<p><a href="http://gourmet-rallye.at/index.php/wp-postalm-bergab/" target="_blank">WP Postalm &#8211; Bergab</a></p>
<p><a href="http://gourmet-rallye.at/index.php/gourmet-pruefung-st-wolfgang/" target="_blank">Gourmet Prüfung &#8211; St. Wolfgang</a></p>
<p><a href="http://gourmet-rallye.at/index.php/mittag-druckerhof-bergauf/" target="_blank">Druckerhof &#8211; Bergauf</a></p>
<p><a href="http://gourmet-rallye.at/index.php/druckerhof-mittag/" target="_blank">Druckerhof &#8211; Mittag</a></p>
<p><a href="http://gourmet-rallye.at/index.php/druckerhof-bergab/" target="_blank">Druckerhof &#8211; Bergab</a></p>
<p><a href="http://gourmet-rallye.at/index.php/traktorpruefung-feichthub/" target="_blank">Traktorprüfung &#8211; Feichthub</a></p>
<p><a href="http://gourmet-rallye.at/index.php/ziel-schaumburg-lippe-ziel/" target="_blank">Ziel Schaumburg-Lippe &amp; Mure</a></p>

<p>Eine Auswahl der besten Schnappschüsse finden Sie oben im Menü &#8222;Fotos 2016&#8220; Copyright by Daniel und Dominik Fessl Start &#8211; Kirchdorf Gourmet Prüfung &#8211; Traunkirchen Verbindungsetappe &#8211; Traunkirchen WP Loser &#8211; Bergauf WP Loser &#8211; Bergab Gourmet Prüfung &#8211; Höflehner WP Postalm &#8211; Bergab Gourmet Prüfung &#8211; St. Wolfgang Druckerhof &#8211; Bergauf Druckerhof &#8211; Mittag Druckerhof &hellip; <a href="https://gourmet-rallye.at/index.php/fotos-2016/" class="more-link"><span class="screen-reader-text">Fotos 2016</span> weiterlesen <span class="meta-nav">&rarr;</span></a></p>
